21
List the prime factors of 412075942.
2, 59, 443, 7883
What are the prime factors of 187497687?
3, 13, 227, 21179
List the prime factors of 1243307738.
2, 621653869
List the prime factors of 578300360.
2, 5, 11, 211, 6229
What are the prime factors of 1472328182?
2, 13, 109, 519523
List the prime factors of 4500049408.
2, 2267, 3877
List the prime factors of 316657320.
2, 3, 5, 7, 479, 787
What are the prime factors of 643860542?
2, 13, 24763867
What are the prime factors of 2219931810?
2, 3, 5, 24665909
What are the prime factors of 771519971?
31, 577, 43133
List the prime factors of 48331688.
2, 71, 85091
List the prime factors of 271253061.
3, 30139229
What are the prime factors of 3068616?
2, 3, 127859
What are the prime factors of 90379341?
3, 13, 29, 683
List the prime factors of 452650960.
2, 5, 5658137
List the prime factors of 631991010.
2, 3, 5, 7, 23, 5689
List the prime factors of 726287251.
31, 23428621
List the prime factors of 30859975.
5, 163, 7573
List the prime factors of 5749249890.
2, 3, 5, 17, 139, 81101
What are the prime factors of 444795662?
2, 19, 197, 59417
What are the prime factors of 20015824?
2, 547, 2287
What are the prime factors of 117249941?
607, 193163
List the prime factors of 4562082917.
7, 93103733
What are the prime factors of 240822352?
2, 15051397
What are the prime factors of 1174492953?
3, 23, 29, 21739
List the prime factors of 2439353228.
2, 13, 19, 23, 107347
What are the prime factors of 37957232?
2, 2372327
What are the prime factors of 378533886?
2, 3, 63088981
List the prime factors of 66916732.
2, 397, 42139
List the prime factors of 7136284.
2, 557, 3203
List the prime factors of 127177843.
13, 37, 264403
What are the prime factors of 701179580?
2, 5, 439, 79861
What are the prime factors of 1058633?
829, 1277
List the prime factors of 91445886.
2, 3, 7, 293, 2477
List the prime factors of 418430009.
29, 331, 43591
What are the prime factors of 2186626717?
11, 17, 131, 89261
What are the prime factors of 66707786?
2, 4339, 7687
What are the prime factors of 6114961113?
3, 41, 49715131
What are the prime factors of 387773296?
2, 31, 781801
What are the prime factors of 171286966?
2, 31, 307, 8999
What are the prime factors of 20713806?
2, 3, 14207
List the prime factors of 29670027.
3, 9890009
What are the prime factors of 3050932281?
3, 1016977427
What are the prime factors of 4154037050?
2, 5, 271, 281, 1091
What are the prime factors of 1793865045?
3, 5, 7, 1531, 11159
What are the prime factors of 181738635?
3, 5, 13, 37, 25189
List the prime factors of 2959563232.
2, 223, 414737
What are the prime factors of 724505405?
5, 13, 17, 23, 29, 983
List the prime factors of 489233858.
2, 244616929
What are the prime factors of 64984374?
2, 3, 7, 13, 97, 409
What are the prime factors of 679772065?
5, 7, 19422059
List the prime factors of 464229679.
19, 349, 70009
List the prime factors of 3527614127.
3527614127
What are the prime factors of 118864650?
2, 3, 5, 71, 11161
What are the prime factors of 185265892?
2, 7, 197, 33587
List the prime factors of 92771340.
2, 3, 5, 1546189
What are the prime factors of 473271463?
7, 491, 137699
List the prime factors of 558689701.
558689701
What are the prime factors of 62315427?
3, 67, 310027
What are the prime factors of 552238111?
53, 881, 11827
What are the prime factors of 76818086?
2, 283, 135721
List the prime factors of 90344242.
2, 79, 571799
List the prime factors of 255982403.
113, 2265331
List the prime factors of 6130689873.
3, 7, 11, 26539783
List the prime factors of 33559901.
109, 151, 2039
What are the prime factors of 618184109?
6469, 95561
What are the prime factors of 58826048?
2, 163, 5639
What are the prime factors of 847884866?
2, 67, 229, 27631
List the prime factors of 1020679473.
3, 11, 17, 1819393
List the prime factors of 257372451.
3, 7, 27791
List the prime factors of 180736099.
5783, 31253
What are the prime factors of 830775465?
3, 5, 13, 17, 83537
What are the prime factors of 1622698001?
23, 70552087
List the prime factors of 4239644.
2, 821, 1291
List the prime factors of 16310077.
7, 239, 9749
What are the prime factors of 199082127?
3, 1549, 42841
List the prime factors of 49325267.
163, 302609
What are the prime factors of 2289209974?
2, 71, 463, 34819
List the prime factors of 52023051.
3, 53, 109063
What are the prime factors of 1939268471?
7, 41, 6757033
List the prime factors of 19343162.
2, 9671581
What are the prime factors of 243582945?
3, 5, 19, 44983
What are the prime factors of 7929194?
2, 7, 13, 19, 2293
List the prime factors of 4532636042.
2, 11, 1109, 16889
List the prime factors of 2635656016.
2, 7, 23532643
List the prime factors of 177567340.
2, 5, 61, 145547
List the prime factors of 5956196.
2, 19, 109, 719
List the prime factors of 325304307.
3, 83, 435481
What are the prime factors of 828137769?
3, 61, 73, 61991
List the prime factors of 49654691.
137, 362443
What are the prime factors of 235690267?
43, 101, 54269
What are the prime factors of 275388374?
2, 1291, 106657
List the prime factors of 1224696339.
3, 1723, 78977
What are the prime factors of 333904409?
23, 71, 73, 2801
What are the prime factors of 39284400?
2, 3, 5, 19, 1723
What are the prime factors of 1395221685?
3, 5, 11, 13, 107, 6079
List the prime factors of 378633575.
5, 15145343
List the prime factors of 1844635397.
11, 23, 7291049
List the prime factors of 11032810.
2, 5, 1103281
List the prime factors of 441210723.
3, 19, 101, 173, 443
List the prime factors of 66020556.
2, 3, 7, 89, 8831
What are the prime factors of 511218587?
11, 4224947
What are the prime factors of 382319430?
2, 3, 5, 3079, 4139
What are the prime factors of 122563797?
3, 40854599
List the prime factors of 24512803.
7, 47, 74507
List the prime factors of 75428697.
3, 1879, 13381
What are the prime factors of 1199946375?
3, 5, 1066619
What are the prime factors of 28915812?
2, 3, 267739
List the prime factors of 73840936.
2, 13, 710009
What are the prime factors of 5818884470?
2, 5, 7, 83126921
What are the prime factors of 32828926?
2, 13, 97127
What are the prime factors of 3772319601?
3, 17, 1307, 3329
List the prime factors of 667853812.
2, 43, 3882871
What are the prime factors of 2803777732?
2, 7, 5009, 19991
What are the prime factors of 69002859?
3, 1663, 13831
List the prime factors of 646432033.
13, 49725541
What are the prime factors of 214821546?
2, 3, 101, 107, 3313
What are the prime factors of 34940845?
5, 6988169
What are the prime factors of 178152693?
3, 223, 266297
What are the prime factors of 37972687?
29, 97, 13499
List the prime factors of 541586193.
3, 59, 281, 10889
What are the prime factors of 4291660?
2, 5, 59, 3637
What are the prime factors of 213779367?
3, 71, 97, 3449
What are the prime factors of 681422067?
3, 17, 31, 143669
What are the prime factors of 2198583239?
193, 11391623
What are the prime factors of 3872716336?
2, 41, 2393, 2467
What are the prime factors of 558993441?
3, 2557, 72871
List the prime factors of 2307192828.
2, 3, 257, 421, 1777
List the prime factors of 1666885703.
7, 587, 405667
What are the prime factors of 2949772451?
9439, 312509
List the prime factors of 93266111.
613, 152147
List the prime factors of 5603501564.
2, 1400875391
List the prime factors of 3581649774.
2, 3, 198980543
List the prime factors of 12883895.
5, 2576779
List the prime factors of 398357060.
2, 5, 307, 64879
What are the prime factors of 36841745?
5, 23, 29, 11047
What are the prime factors of 293322020?
2, 5, 199, 73699
List the prime factors of 92911853.
29, 3203857
List the prime factors of 223638921.
3, 11, 752993
List the prime factors of 84464860.
2, 5, 4223243
What are the prime factors of 164167734?
2, 3, 109, 283, 887
List the prime factors of 112585643.
199, 2843
What are the prime factors of 112983017?
7, 3221, 5011
What are the prime factors of 1337111965?
5, 7, 17, 67, 1973
List the prime factors of 23064465.
3, 5, 31, 193, 257
List the prime factors of 77012659.
77012659
List the prime factors of 74646809.
74646809
List the prime factors of 51963830.
2, 5, 79, 65777
List the prime factors of 1242929876.
2, 5051, 61519
What are the prime factors of 120241812?
2, 3, 10020151
List the prime factors of 2271